
2
Suppose 5*h - 3*q - 15 = 0, -h - 2 = 5*q - 5. Suppose -n = -2*m + 47, -h*n + 10 = m + n. List the prime factors of m.
2, 11
Let u = 6 - 11. Let x = u - 5. List the prime factors of (-4)/x - 13/(-5).
3
Let k(p) = 18*p - 1. What are the prime factors of k(2)?
5, 7
Suppose m = 2*m - 1. Let a(h) = 46*h - 1. List the prime factors of a(m).
3, 5
Let a(f) be the third derivative of f**4/12 - f**3/3 + f**2. Let b(c) = -6*c - 1. Let m be b(-1). What are the prime factors of a(m)?
2
Suppose -5*g + 0*q + 4*q + 24 = 0, -4*q = 2*g - 4. Suppose -5*w = -5*f + 15, 5*w + 3 = g*f - 10. List the prime factors of f.
2
Let u(w) = -3*w - 17. Suppose 0*y + 4*y + 11 = a, -55 = 5*a + 2*y. List the prime factors of u(a).
2, 5
Let x(g) = 49*g**2 + 3*g - 1. What are the prime factors of x(1)?
3, 17
Suppose 0 = 3*w + 2 + 4. Let i be (0/2 + w)*-13. Suppose -2*v - 6 = -i. List the prime factors of v.
2, 5
Let t = 10 - 8. List the prime factors of (t + -3)/((-3)/69).
23
Suppose 2*h + 2*w - 254 = 0, -252 = -2*h - 0*h - 4*w. What are the prime factors of h?
2
Let w be 0 + -4 + 31 + -6. Let g = 40 - w. What are the prime factors of g?
19
Let n(t) = -9*t - 6. List the prime factors of n(-6).
2, 3
Suppose 0 = 3*w - 5*w. Suppose -5*b + 3*a + 125 = -2*a, w = -4*b + a + 88. Suppose b - 4 = d. What are the prime factors of d?
17
Let l = 183 - 95. List the prime factors of l.
2, 11
Let g be (-2)/(-4) - 9/(-2). Suppose -g*s = -3*s - 4. List the prime factors of s.
2
Let b be ((-1)/(-3))/(5/45). Let k = -1 + b. List the prime factors of k/(-12) + (-292)/(-24).
2, 3
Suppose -5*a - 2*a = -798. What are the prime factors of a?
2, 3, 19
Let v be 1 + (-2 - (-2 + 2)). Let k be (1/2)/(v/(-40)). Let u = 31 - k. List the prime factors of u.
11
Suppose 43 = s + 4*t, 21 = 2*s - 2*t - 25. Suppose 33 = f - 5*a, -4*f + s = a - 0*a. List the prime factors of f.
2
Let k be (-1)/(1/5)*-1. Let f(m) = -2 - m + 2 + 8 + 0. What are the prime factors of f(k)?
3
Suppose 5*h + 4 = 24. Suppose -6 = -h*z + 2. List the prime factors of z.
2
Let v be ((-2)/(-6))/((-1)/(-15)). Suppose 22 = v*j - 38. What are the prime factors of j?
2, 3
Let m(g) = g**3 - 19*g**2 + 2*g - 4. List the prime factors of m(19).
2, 17
Suppose 21*x - 23*x = -372. What are the prime factors of x?
2, 3, 31
Let n = 7 + -5. Let k be 26 - (-5 + n) - 0. Let m = -14 + k. List the prime factors of m.
3, 5
Let g(p) = -6 - 4*p + 18 + 5*p - 4. Let f = 0 + 0. List the prime factors of g(f).
2
Suppose 517 = 5*s + y, 0 = -0*s - s - 5*y + 113. List the prime factors of s.
103
Suppose -8*z + 7*z = 27. Let n = z + 45. List the prime factors of n.
2, 3
Let s(d) = -d**3 - 9*d**2 - 2*d - 17. Let h be s(-9). Suppose 4*z - 33 = -5*x, -2*x + 42 = 3*z + z. Let k = z - h. What are the prime factors of k?
11
Suppose -f - 4*f = 2*o - 7, 0 = -2*f - 5*o - 14. Suppose f*d = -0*d + 87. List the prime factors of d.
29
Let n be 6/(-4) + 1/2. Let y = n - -4. Suppose 0 = 2*w - 9 + y. What are the prime factors of w?
3
Suppose -4*k - 145 - 3 = 0. Let r = k + 79. What are the prime factors of r?
2, 3, 7
Let y = -11 - -11. Suppose -4*t + 0*t + 24 = y. List the prime factors of t.
2, 3
Suppose -1526 = -2*i - 12*i. What are the prime factors of i?
109
Let d(p) = -12*p - 19. What are the prime factors of d(-10)?
101
What are the prime factors of 251 - (0 - (5 + -1 - 7))?
2, 31
Let o(c) = -7*c - 13. List the prime factors of o(-9).
2, 5
Suppose -3*q + 8*q + 3*k - 9 = 0, 2*k + 4 = 0. Suppose -q*g = -5*c + 16, 4*c - 4 = 3*g + 10. What are the prime factors of c?
2
Let w = 7 - -3. What are the prime factors of (60/(-25))/((-1)/w)?
2, 3
Let u(k) = k**2 + 10*k + 6. Let g be u(-4). Let q be 3/2*(-2)/3. What are the prime factors of q + -1 + g/(-2)?
7
Suppose 5*r + 9 = 8*r. Suppose -3*l - 2*v = -2*l - 2, -4*l - 5*v + 23 = 0. Suppose -r*m = -o, 4*m = 7*m - l. List the prime factors of o.
2, 3
Let s = 83 + -46. List the prime factors of s.
37
Suppose 0 = 3*c + 4*y + 20, -c - y - 4 = 3*y. Let a = c - -19. What are the prime factors of a?
11
Let w(q) = -q**2 + 9*q + 11. Let t be w(10). Suppose -5*c = 2*s - t, s + 2*c + 0*c - 3 = 0. Suppose s = 4*p - 11. What are the prime factors of p?
2, 3
Suppose -25 = -5*u, 2*g - 6*g + u = -419. Suppose -3*m + g = 4*a - 99, 5*a - 2*m - 239 = 0. List the prime factors of a.
7
Suppose 0 = -5*l + 5*g - 5, -g + 10 + 11 = 4*l. Suppose 9 = l*z - z. List the prime factors of z.
3
Suppose 186 = 3*d + 39. What are the prime factors of d?
7
Let p(z) = 2*z + 2. Let o be p(-1). Suppose 5 = -2*n + 17. Suppose i + 0 - n = o. What are the prime factors of i?
2, 3
Let j(u) = u**2 - u + 8. What are the prime factors of j(6)?
2, 19
List the prime factors of (3/6)/((-1)/(-102)).
3, 17
Let i(o) = o**2 - 2*o - 1. Let w be i(3). Suppose w*v + 2*v - 40 = 0. List the prime factors of v.
2, 5
Let p(f) = -2*f - 3. Let z = -30 - -18. List the prime factors of p(z).
3, 7
Let q = 0 + 4. What are the prime factors of q?
2
Suppose 5*m - 1 = 149. Suppose 7*s - 8*s + m = 0. What are the prime factors of s?
2, 3, 5
Let i = 84 - 71. What are the prime factors of i?
13
Let t be -2*-2*9/12. Suppose -x + 12 = t*x. List the prime factors of x*(10/(-3))/(-2).
5
Suppose h + 15 = 6*h. Suppose 18 = y - 3*n, 24 = 3*y + h*n - 6*n. Let j = 0 + y. List the prime factors of j.
3
Let w be (2 - 3)/(-1) - 16. Let y be w - 2/(3 - 5). Let q = 2 - y. List the prime factors of q.
2
Suppose 2*a = j - 0*j + 8, a - 3*j - 14 = 0. Suppose -m = -s - 3, s = a*s + 2*m. What are the prime factors of (4/(-6))/(s/39)?
13
Suppose -3*n + 82 + 56 = 0. List the prime factors of n.
2, 23
Let k(u) = u**3 - u**2 + 6*u - 5. What are the prime factors of k(2)?
11
Suppose 3 = -2*u + 31. List the prime factors of u.
2, 7
Let d(n) = n**3 + 6*n**2 - 4*n - 4. Let t be d(-6). Suppose 3*r - 59 = -t. What are the prime factors of r?
13
Suppose 2*z = -4*b + 24, -3*z - 2*z + 2*b = -48. List the prime factors of z.
2, 5
Suppose 7*a - 2*a - 35 = 0. What are the prime factors of ((-6)/3 + 3)*a?
7
Suppose 4*b + 3*s + 2*s - 71 = 0, -4*b + 78 = -2*s. Suppose 0 = -2*j + j + b. List the prime factors of j.
19
Suppose -s - 12 = -80. Suppose -2*p = 3*m - 65, -3*m - p + 2 = -s. List the prime factors of m.
5
Let f be 2 - (-2*1 + 0). Suppose 7*w - 9 = f*w. List the prime factors of w.
3
Let s be (6*-1)/(3/(-2)). Suppose -s*b - 3*w + 7 = 0, -2*w + 6*w + 28 = 4*b. Suppose -37 = -3*h + 5*a, -b*h + a + 41 = -4*a. What are the prime factors of h?
2
List the prime factors of 5 + 2 - (-1 - 0).
2
Suppose -2*o = -320 + 26. Suppose 5*y - o = 98. List the prime factors of y.
7
Let n be (2 + -2 + 0)*-1. Suppose 0 = -q + 2 - n. What are the prime factors of (-1)/q - (-54)/12?
2
Let d(a) = a + 2. Let o be d(2). Suppose 19 - 59 = o*r. Let k = r - -19. List the prime factors of k.
3
Let v = 303 + -205. List the prime factors of v.
2, 7
Let y = -8 + 21. What are the prime factors of y?
13
Suppose 0 = 5*s + 10, 0*s + 2 = -2*k + 4*s. Let i = k - -3. List the prime factors of ((-1)/i)/((-3)/(-18)).
3
Suppose 0 = -2*r - 15 + 49. What are the prime factors of r?
17
Suppose 97*b - 100*b = -552. List the prime factors of b.
2, 23
Suppose 0 = v - 0 + 3. Let l = 14 + v. What are the prime factors of l?
11
Let c = 63 - 13. List the prime factors of c.
2, 5
Let w(n) = 2*n - 2. Suppose 24 = -p + 5*p. What are the prime factors of w(p)?
2, 5
Let f be 0 + 22 + 1 - 1. Let p = f - 15. List the prime factors of p.
7
Let g(h) = -11*h**3 + 2*h**2 + h. Let b = -4 + 3. What are the prime factors of g(b)?
2, 3
Suppose 0 = 3*y + 2*q - 237, 2*q + 12 = 6*q. What are the prime factors of y?
7, 11
Let j be (8/(-5))/((-4)/70). Suppose 5 = 2*q + 2*d - 3, j = 3*q - 5*d. What are the prime factors of q?
2, 3
Suppose -2*d - 2*x + 20 = -d, 0 = 4*d + 4*x - 68. What are the prime factors of d?
2, 7
Suppose 3*r - 4*r = -288. List the prime factors of r.
2, 3
Suppose -b - 8 = -5*b, -13 = -t - 5*b. Suppose 30 = -t*l + 90. What are the prime factors of l?
2, 5
Suppose 4*a = 674 + 22. Suppose -a = -5*p - 9. List the prime factors of p.
3, 11
Let j = -22 - -76. Suppose 3*f + 100 = 4*u, -3*f = 4*u - u - j. What are the prime factors of u?
2, 11
Let r(v) = 196*v**3 - 2*v**2 + 3*v - 2. What are the prime factors of r(1)?
3, 5, 13
Let s be 4/(-10) - (-22)/5. Suppose -2*z = -8, 4*m = -2*z - 2*z + 56. Sup